er?
True
Is 86870832581 prime?
False
Is 504923129 prime?
False
Is 1407126457 prime?
False
Is 183021394417 prime?
True
Is 214418237263 a composite number?
False
Is 498772603 prime?
False
Is 3007621343 composite?
True
Is 1766728727 a composite number?
False
Is 2692783239 prime?
False
Is 1833568861 prime?
True
Is 395177537 a composite number?
True
Is 562267489 prime?
False
Is 2789796071 a composite number?
True
Is 363399791 a prime number?
True
Is 639639653 a composite number?
False
Is 4257637793 composite?
False
Is 11747582701 prime?
False
Is 1349386607 a composite number?
False
Is 54877345373 a prime number?
True
Is 24283844967 a composite number?
True
Is 297181777 a prime number?
False
Is 138154309 prime?
True
Is 13625673107 composite?
False
Is 93044849 composite?
True
Is 43945050113 a composite number?
False
Is 37028947 prime?
True
Is 12545906411 a prime number?
True
Is 376194791 a prime number?
False
Is 25166961829 composite?
True
Is 1773698923 a prime number?
True
Is 124922933 composite?
True
Is 39925840043 a composite number?
True
Is 13178015447 a composite number?
False
Is 65538564863 a composite number?
False
Is 28494092221 composite?
True
Is 152297449 composite?
False
Is 1098968989 a composite number?
False
Is 26253742301 composite?
False
Is 3653809111 prime?
True
Is 4197873233 a prime number?
True
Is 871707563 a composite number?
True
Is 14539652165 prime?
False
Is 18235870789 a prime number?
True
Is 781800103 a prime number?
False
Is 641903191 a prime number?
False
Is 9783222143 a composite number?
True
Is 631778887 composite?
False
Is 1128451339 composite?
False
Is 7577550907 a prime number?
False
Is 3821795521 composite?
False
Is 827678993 a composite number?
True
Is 2692144909 a composite number?
True
Is 21464408159 a prime number?
True
Is 27031037519 prime?
True
Is 1401879827 prime?
True
Is 3042226259 prime?
False
Is 1131919171 a prime number?
False
Is 77196757685 a prime number?
False
Is 2053616451 composite?
True
Is 15464731483 prime?
False
Is 11044186369 a composite number?
True
Is 28662449 a prime number?
False
Is 8651859355 a composite number?
True
Is 869393611 composite?
True
Is 1137059821 a prime number?
True
Is 478862569 a prime number?
False
Is 4073567801 a prime number?
False
Is 10445253617 a composite number?
False
Is 155357412941 a prime number?
False
Is 48139489 prime?
False
Is 2651687737 prime?
False
Is 151829911 a prime number?
False
Is 91421489 a composite number?
False
Is 4694267803 a composite number?
False
Is 12262771527 composite?
True
Is 40144507 prime?
False
Is 3592302733 a composite number?
True
Is 179438023 a composite number?
False
Is 27846821813 prime?
True
Is 11947615297 a prime number?
False
Is 23778300811 prime?
False
Is 7604590321 composite?
False
Is 360477581 a composite number?
False
Is 19352947247 a prime number?
False
Is 17898200653 a composite number?
False
Is 71311081823 a prime number?
False
Is 574123097 a prime number?
False
Is 74762417971 a prime number?
True
Is 51883222519 prime?
True
Is 5082465119 composite?
False
Is 112822086347 prime?
True
Is 491582233 composite?
True
Is 22586721229 composite?
True
Is 8357407613 prime?
True
Is 2447497271 a composite number?
False
Is 8085220411 a composite number?
False
Is 5790046631 composite?
False
Is 22256331367 a composite number?
False
Is 903501227 a composite number?
True
Is 15519508907 prime?
False
Is 35111868787 a composite number?
False
Is 52185523 prime?
False
Is 1129615051 composite?
True
Is 28063319318 a composite number?
True
Is 27232546207 a prime number?
True
Is 25645306367 composite?
False
Is 6354947927 prime?
True
Is 27193837 composite?
True
Is 12525799127 prime?
True
Is 65988487 a composite number?
False
Is 216435013 a composite number?
False
Is 2562073727 composite?
True
Is 5845422779 a composite number?
True
Is 10241123419 composite?
True
Is 227988262 a prime number?
False
Is 36456227413 prime?
True
Is 734399938 composite?
True
Is 369529373 a composite number?
True
Is 2735589793 composite?
False
Is 9097291711 a prime number?
False
Is 5903594179 a composite number?
True
Is 14360473373 composite?
True
Is 567117469 a composite number?
True
Is 29288037253 a prime number?
True
Is 1195947839 a prime number?
True
Is 158981023 a prime number?
False
Is 935852321 composite?
False
Is 14660696411 a prime number?
True
Is 17648654707 a composite number?
False
Is 21110091787 a prime number?
True
Is 30035726507 a composite number?
True
Is 2094423185 a composite number?
True
Is 8908422829 prime?
True
Is 378612935 composite?
True
Is 8377496867 a composite number?
True
Is 1128110017 a prime number?
True
Is 42446051119 a prime number?
False
Is 135407250311 a prime number?
True
Is 57209231 prime?
True
Is 244049843 composite?
False
Is 62306503 a prime number?
False
Is 23149835983 a composite number?
False
Is 449194931 prime?
True
Is 14830532389 a composite number?
True
Is 567107327 prime?
True
Is 672728545 composite?
True
Is 94215360769 a prime number?
True
Is 3349221871 composite?
True
Is 25106512807 prime?
False
Is 162951478601 composite?
True
Is 1824794519 prime?
True
Is 529459727 prime?
True
Is 9785753 a composite number?
False
Is 5812799897 a composite number?
False
Is 1476373793 composite?
True
Is 21753617551 a composite number?
False
Is 158904631 composite?
True
Is 21991560403 prime?
True
Is 4098328361 a prime number?
True
Is 760731137 prime?
False
Is 732330227 a composite number?
True
Is 49799669221 a prime number?
True
Is 6585443363 a prime number?
True
Is 267723283 composite?
True
Is 66830339 a composite number?
False
Is 115865407309 a prime number?
False
Is 4702011841 a prime number?
True
Is 8724002407 a prime number?
False
Is 1192017833 a prime number?
True
Is 569744221 a composite number?
False
Is 192827035 composite?
True
Is 9653749093 composite?
True
Is 1140694097 composite?
False
Is 1617517829 a composite number?
True
Is 788466163 a composite number?
True
Is 19769599361 a prime number?
False
Is 21670433591 composite?
False
Is 1019259001 a prime number?
True
Is 989227009 a prime number?
False
Is 129946561883 a prime number?
False
Is 1326790081 composite?
False
Is 892379771 composite?
True
Is 20949346307 composite?
False
Is 5272615891 composite?
True
Is 12738712627 prime?
True
Is 1313274133 a composite number?
True
Is 1902954901 a composite number?
False
Is 593999654477 a prime number?
True
Is 2041011803 composite?
True
Is 8028400561 a prime number?
True
Is 441389857 a prime number?
True
Is 12369148073 a composite number?
False
Is 3241156927 prime?
True
Is 861312391 a composite number?
True
Is 73829815769 prime?
False
Is 3798651667 a composite number?
False
Is 4556448901 prime?
False
Is 1495095139 prime?
False
Is 365004983 a prime number?
False
Is 294754861 a prime number?
True
Is 1165608827 prime?
False
Is 195069869 a composite number?
False
Is 6862018 a prime number?
False
Is 7401395663 composite?
False
Is 1519651222 a prime number?
False
Is 20254326143 prime?
True
Is 84087499 a composite number?
False
Is 751946879 prime?
True
Is 723088859 a prime number?
True
Is 87217937 prime?
True
Is 4595243 composite?
False
Is 86163445 composite?
True
Is 1960793737 a prime number?
False
Is 688181381 a composite number?
False
Is 1050439069 composite?
False
Is 183392718539 prime?
True
Is 36944378957 a composite number?
True
Is 21198695383 a prime number?
True
Is 430304653 a composite number?
False
Is 53951150243 a prime number?
False
Is 61451779261 composite?
False
Is 2117058283 prime?
False
Is 7305381233 a composite number?
True
Is 259320743 composite?
True
Is 915250543 a composite number?
True
Is 8977077913 composite?
False
Is 1691967983 a composite number?
False
Is 1111915459 a composite number?
False
Is 8761918171 a composite number?
False
Is 132441035 a composite number?
True
Is 845194379 composite?
False
Is 79279284089 prime?
False
Is 8723923421 prime?
False
Is 3741756881 a composite number?
False
Is 296483953 composite?
False
Is 806260619 a composite number?
True
Is 14555266687 prime?
False
Is 6224386499 prime?
True
Is 2766737317 a prime number?
True
Is 612518779 a prime number?
False
Is 5888176291 composite?
False
Is 19570593737 prime?
True
Is 16365968713 a prime number?
True
Is 383654239 a prime number?
True
Is 96280057 prime?
True
Is 56000082